{"id":10,"date":"2019-04-07T23:56:56","date_gmt":"2019-04-07T21:56:56","guid":{"rendered":"http:\/\/sobieszowka.pl\/?page_id=10"},"modified":"2024-02-16T12:46:52","modified_gmt":"2024-02-16T11:46:52","slug":"o-nas","status":"publish","type":"page","link":"https:\/\/sobieszowka.pl\/?page_id=10","title":{"rendered":"O nas"},"content":{"rendered":"\n<div class=\"wp-block-media-text has-media-on-the-right is-stacked-on-mobile\" style=\"grid-template-columns:auto 25%\"><div class=\"wp-block-media-text__content\">\n<h2 class=\"wp-block-heading has-text-align-right\">Jeste\u015bmy par\u0105 fotograf\u00f3w<br>Od wielu lat \u0142\u0105czymy pasj\u0119 z sukcesem zawodowym<br>Sobiesz\u00f3wka jest spe\u0142nieniem naszych marze\u0144 o drewnianym domu nad morzem<\/h2>\n<\/div><figure class=\"wp-block-media-text__media\"><img loading=\"lazy\" decoding=\"async\" width=\"754\" height=\"1024\" src=\"http:\/\/sobieszowka.pl\/wp-content\/uploads\/2024\/02\/Luana_darek-4-754x1024.jpg\" alt=\"\" class=\"wp-image-324 size-full\" srcset=\"https:\/\/sobieszowka.pl\/wp-content\/uploads\/2024\/02\/Luana_darek-4-754x1024.jpg 754w, https:\/\/sobieszowka.pl\/wp-content\/uploads\/2024\/02\/Luana_darek-4-221x300.jpg 221w, https:\/\/sobieszowka.pl\/wp-content\/uploads\/2024\/02\/Luana_darek-4-768x1043.jpg 768w, https:\/\/sobieszowka.pl\/wp-content\/uploads\/2024\/02\/Luana_darek-4-1131x1536.jpg 1131w, https:\/\/sobieszowka.pl\/wp-content\/uploads\/2024\/02\/Luana_darek-4.jpg 1331w\" sizes=\"auto, (max-width: 706px) 89vw, (max-width: 767px) 82vw, 740px\" \/><\/figure><\/div>\n\n\n<h1 style=\"text-align: left;\">&nbsp;<\/h1>\n<p>Kochamy wolno\u015b\u0107 przestrze\u0144 wiatr s\u0142o\u0144ce i morze.<br>W\u0142asnymi si\u0142ami we wsparciu przyjaci\u00f3\u0142 wybudowali\u015bmy dwa domy.&nbsp; Chcieliby\u015bmy podzieli\u0107 si\u0119 nasza rado\u015bci\u0105 z ka\u017cdym kto zechce odwiedzi\u0107 nas w Jantarze.&nbsp;<\/p>\n<h1>Domy i fotografia<\/h1>\n<p>Nasze domy znajduj\u0105 si\u0119 na \u017bu\u0142awach Wi\u015blanych. Ch\u0119tnie opowiemy Wam o tym regionie Polski. Na terenie Sobiesz\u00f3wki mo\u017cna obejrze\u0107 wystaw\u0119 fotografii zach\u0119caj\u0105c\u0105 do odkrywania urok\u00f3w \u017cu\u0142aw Wi\u015blanych.<br>Je\u015bli tak jak my cenicie sobie fotografi\u0119, b\u0119dzie to dla Was wspania\u0142y dodatek przy sp\u0119dzaniu wolnego czasu. <br>Okolice obfituj\u0105 w pi\u0119kne trasy rowerowe.<br>Mamy rowery kt\u00f3re dadz\u0105 Wam du\u017co frajdy. <br>Dla dzieci mamy propozycje warsztat\u00f3w <br>np. malowanie kamieni i muszli, wsp\u00f3lne pichcenie<br>Wieczory sp\u0119dzamy wsp\u00f3lnie przy ognisku na wydmowym piasku.<br>Masz gitar\u0119, koniecznie przywie\u017a j\u0105 ze sob\u0105. My mamy djembe, wsp\u00f3lnie pogramy \ud83d\ude42<br><br>W sta\u0142ej sprzeda\u017cy mamy wyj\u0105tkowe \u017cu\u0142awskie miody.<br>W miesi\u0105cach wakacyjnych oferujemy r\u00f3wnie\u017c zakup lokalnego sera, jaj, mleka, warzyw<br><br>Sobiesz\u00f3wka to nie tylko nocleg na wakacje <br>Stawiamy na do\u015bwiadczenie w stylu slow.<br>Szukacie niebanalnych miejsc?<br>Jeste\u015bcie ciekawi \u017cycia?<br>Lubicie poznawa\u0107 ?<br><strong>To miejsce jest dla Was<br><\/strong><br>Je\u015bli zechcecie ch\u0119tnie wykonamy dla Was indywidualn\u0105 sesj\u0119 zdj\u0119ciow\u0105, kt\u00f3ra b\u0119dzie wyj\u0105tkow\u0105 pami\u0105tk\u0105 wakacyjn\u0105.<\/p>\n<h1><em><a href=\"http:\/\/sobieszowka.pl\/?page_id=171\"><span style=\"color: #808080;\"><strong>Przeczytaj co dla Was przygotowali\u015bmy<br>Szczeg\u00f3\u0142owy opis Sobiesz\u00f3wki znajdziesz klikaj\u0105c tu<\/strong><\/span><\/a><\/em><\/h1>\n<div>&nbsp;<\/div>","protected":false},"excerpt":{"rendered":"<p>Jeste\u015bmy par\u0105 fotograf\u00f3wOd wielu lat \u0142\u0105czymy pasj\u0119 z sukcesem zawodowymSobiesz\u00f3wka jest spe\u0142nieniem naszych marze\u0144 o drewnianym domu nad morzem &nbsp; Kochamy wolno\u015b\u0107 przestrze\u0144 wiatr s\u0142o\u0144ce i morze.W\u0142asnymi si\u0142ami we wsparciu przyjaci\u00f3\u0142 wybudowali\u015bmy dwa domy.&nbsp; Chcieliby\u015bmy podzieli\u0107 si\u0119 nasza rado\u015bci\u0105 z ka\u017cdym kto zechce odwiedzi\u0107 nas w Jantarze.&nbsp; Domy i fotografia Nasze domy znajduj\u0105 si\u0119 na &hellip; <\/p>\n<p class=\"link-more\"><a href=\"https:\/\/sobieszowka.pl\/?page_id=10\" class=\"more-link\">Czytaj dalej<span class=\"screen-reader-text\"> O nas<\/span><\/a><\/p>\n","protected":false},"author":1,"featured_media":278,"parent":0,"menu_order":0,"comment_status":"closed","ping_status":"closed","template":"","meta":{"ngg_post_thumbnail":0,"footnotes":""},"class_list":["post-10","page","type-page","status-publish","has-post-thumbnail","hentry"],"_links":{"self":[{"href":"https:\/\/sobieszowka.pl\/index.php?rest_route=\/wp\/v2\/pages\/10","targetHints":{"allow":["GET"]}}],"collection":[{"href":"https:\/\/sobieszowka.pl\/index.php?rest_route=\/wp\/v2\/pages"}],"about":[{"href":"https:\/\/sobieszowka.pl\/index.php?rest_route=\/wp\/v2\/types\/page"}],"author":[{"embeddable":true,"href":"https:\/\/sobieszowka.pl\/index.php?rest_route=\/wp\/v2\/users\/1"}],"replies":[{"embeddable":true,"href":"https:\/\/sobieszowka.pl\/index.php?rest_route=%2Fwp%2Fv2%2Fcomments&post=10"}],"version-history":[{"count":23,"href":"https:\/\/sobieszowka.pl\/index.php?rest_route=\/wp\/v2\/pages\/10\/revisions"}],"predecessor-version":[{"id":337,"href":"https:\/\/sobieszowka.pl\/index.php?rest_route=\/wp\/v2\/pages\/10\/revisions\/337"}],"wp:featuredmedia":[{"embeddable":true,"href":"https:\/\/sobieszowka.pl\/index.php?rest_route=\/wp\/v2\/media\/278"}],"wp:attachment":[{"href":"https:\/\/sobieszowka.pl\/index.php?rest_route=%2Fwp%2Fv2%2Fmedia&parent=10"}],"curies":[{"name":"wp","href":"https:\/\/api.w.org\/{rel}","templated":true}]}}